{"id":464,"date":"2023-08-28T16:49:59","date_gmt":"2023-08-28T20:49:59","guid":{"rendered":"https:\/\/world-bays.com\/?page_id=464"},"modified":"2023-11-14T17:28:06","modified_gmt":"2023-11-14T22:28:06","slug":"charte","status":"publish","type":"page","link":"https:\/\/world-bays.com\/web\/lassociation\/charte\/","title":{"rendered":"Charte"},"content":{"rendered":"\n<div class=\"b-content-two-col content-wave bg-white\">\n    \n\t<div class=\"container\">\n        <div class=\"content\">\n            <div class=\"content-left\">\n                            <\/div>\n            <div class=\"content-right\">\n                \n            <\/div>\n            <div class=\"content-left\">\n                \n                \n            <\/div>\n            <div class=\"content-right\">\n                                    <div class=\"content-text\">\n                        <p>Charte pr\u00e9sent\u00e9e \u00e0 la conf\u00e9rence sur les Oc\u00e9ans des Nations Unies de Lisbonne en Juin 2022 et ratifi\u00e9e lors de l\u2019Assembl\u00e9e G\u00e9n\u00e9rale des Plus Belles Belles Baies du Monde au congr\u00e8s de Sihanoukville au Cambodge le 10 D\u00e9cembre 2022.<\/p>\n                    <\/div>\n                                \n                                    <div class=\"content-infos\">\n                        <p><strong>LES BAIES MEMBRES DE L\u2019ASSOCIATION LES PLUS BELLES BAIES DU MONDE S\u2019ACCORDENT SUR LES OBJECTIFS SUIVANTS :<\/strong><\/p>\n<ul>\n<li>Sensibiliser au niveau national et mondial \u00e0 l\u2019importance des baies et de la gestion durable des littoraux<\/li>\n<li>\u0152uvrer pour la pr\u00e9servation de la qualit\u00e9 du milieu marin<\/li>\n<li>Pr\u00e9venir et veiller \u00e0 la bonne gestion des d\u00e9fis des pollutions et des divers \u00e9chouages, surtout les plastiques<\/li>\n<li>Prot\u00e9ger la richesse du patrimoine naturel des baies en favorisant l\u2019action en faveur du maintien de la biodiversit\u00e9 dans les baies<\/li>\n<li>Sensibiliser \u00e0 la probl\u00e9matique de la pression d\u00e9mographique et touristique le long du littoral et dans les baies, afin de garantir aux habitants et aux visiteurs les meilleures conditions de vie et de bien-\u00eatre<\/li>\n<li>Renforcer les liens entre les baies membres comme lieux d&rsquo;\u00e9changes et de partage des bonnes pratiques \u00e0 travers des partenariats inclusifs<\/li>\n<li>Encourager et relayer la recherche et les innovations scientifiques en mati\u00e8re de protection des espaces marins et c\u00f4tiers<\/li>\n<li>Favoriser les actions et initiatives susceptibles de permettre que les baies restent un espace de vie, et d\u2019exp\u00e9riences enrichissantes et m\u00e9morables<\/li>\n<li>Faire en sorte que les baies contribuent \u00e0 l\u2019effort mondial sous l&rsquo;\u00e9gide de l\u2019ONU pour revitaliser les oc\u00e9ans afin d&rsquo;atteindre l&rsquo;objectif de d\u00e9veloppement durable 14 (ODD 14) relatif \u00e0 la conservation et l&rsquo;exploitation durable des \u00e9cosyst\u00e8mes marins et c\u00f4tiers.<\/li>\n<\/ul>\n<p>&nbsp;<\/p>\n<p><img fetchpriority=\"high\" decoding=\"async\" fetchpriority=\"high\" class=\"alignnone wp-image-1208 size-full\" src=\"https:\/\/world-bays.com\/app\/uploads\/2023\/10\/signature-charte-association-pbbm.jpg\" alt=\"\" width=\"800\" height=\"605\" srcset=\"https:\/\/world-bays.com\/web\/app\/uploads\/2023\/10\/signature-charte-association-pbbm.jpg 800w, https:\/\/world-bays.com\/web\/app\/uploads\/2023\/10\/signature-charte-association-pbbm-300x227.jpg 300w, https:\/\/world-bays.com\/web\/app\/uploads\/2023\/10\/signature-charte-association-pbbm-768x581.jpg 768w\" sizes=\"(max-width: 800px) 100vw, 800px\" \/><\/p>\n                    <\/div>\n                            <\/div>\n        <\/div>\n\t<\/div>\n\n    <\/div>\n","protected":false},"excerpt":{"rendered":"","protected":false},"author":4,"featured_media":0,"parent":11,"menu_order":0,"comment_status":"closed","ping_status":"closed","template":"","meta":{"_acf_changed":false,"footnotes":""},"class_list":["post-464","page","type-page","status-publish","hentry"],"acf":[],"yoast_head":"<!-- This site is optimized with the Yoast SEO plugin v22.7 - https:\/\/yoast.com\/wordpress\/plugins\/seo\/ -->\n<title>Charte<\/title>\n<meta name=\"robots\" content=\"index, follow, max-snippet:-1, max-image-preview:large, max-video-preview:-1\" \/>\n<link rel=\"canonical\" href=\"https:\/\/world-bays.com\/web\/lassociation\/charte\/\" \/>\n<meta property=\"og:locale\" content=\"fr_FR\" \/>\n<meta property=\"og:type\" content=\"article\" \/>\n<meta property=\"og:title\" content=\"Charte\" \/>\n<meta property=\"og:url\" content=\"https:\/\/world-bays.com\/web\/lassociation\/charte\/\" \/>\n<meta property=\"og:site_name\" content=\"Les Plus Belles Baies du Monde\" \/>\n<meta property=\"article:modified_time\" content=\"2023-11-14T22:28:06+00:00\" \/>\n<meta name=\"twitter:card\" content=\"summary_large_image\" \/>\n<script type=\"application\/ld+json\" class=\"yoast-schema-graph\">{\"@context\":\"https:\/\/schema.org\",\"@graph\":[{\"@type\":\"WebPage\",\"@id\":\"https:\/\/world-bays.com\/web\/lassociation\/charte\/\",\"url\":\"https:\/\/world-bays.com\/web\/lassociation\/charte\/\",\"name\":\"Charte\",\"isPartOf\":{\"@id\":\"https:\/\/world-bays.com\/web\/#website\"},\"datePublished\":\"2023-08-28T20:49:59+00:00\",\"dateModified\":\"2023-11-14T22:28:06+00:00\",\"breadcrumb\":{\"@id\":\"https:\/\/world-bays.com\/web\/lassociation\/charte\/#breadcrumb\"},\"inLanguage\":\"fr-FR\",\"potentialAction\":[{\"@type\":\"ReadAction\",\"target\":[\"https:\/\/world-bays.com\/web\/lassociation\/charte\/\"]}]},{\"@type\":\"BreadcrumbList\",\"@id\":\"https:\/\/world-bays.com\/web\/lassociation\/charte\/#breadcrumb\",\"itemListElement\":[{\"@type\":\"ListItem\",\"position\":1,\"name\":\"Home\",\"item\":\"https:\/\/world-bays.com\/web\/\"},{\"@type\":\"ListItem\",\"position\":2,\"name\":\"L&rsquo;association\",\"item\":\"https:\/\/world-bays.com\/web\/lassociation\/\"},{\"@type\":\"ListItem\",\"position\":3,\"name\":\"Charte\"}]},{\"@type\":\"WebSite\",\"@id\":\"https:\/\/world-bays.com\/web\/#website\",\"url\":\"https:\/\/world-bays.com\/web\/\",\"name\":\"Les Plus Belles Baies du Monde\",\"description\":\"\",\"publisher\":{\"@id\":\"https:\/\/world-bays.com\/web\/#organization\"},\"potentialAction\":[{\"@type\":\"SearchAction\",\"target\":{\"@type\":\"EntryPoint\",\"urlTemplate\":\"https:\/\/world-bays.com\/web\/?s={search_term_string}\"},\"query-input\":\"required name=search_term_string\"}],\"inLanguage\":\"fr-FR\"},{\"@type\":\"Organization\",\"@id\":\"https:\/\/world-bays.com\/web\/#organization\",\"name\":\"Les Plus Belles Baies du Monde\",\"url\":\"https:\/\/world-bays.com\/web\/\",\"logo\":{\"@type\":\"ImageObject\",\"inLanguage\":\"fr-FR\",\"@id\":\"https:\/\/world-bays.com\/web\/#\/schema\/logo\/image\/\",\"url\":\"https:\/\/world-bays.com\/web\/app\/uploads\/2023\/11\/img_0149.png\",\"contentUrl\":\"https:\/\/world-bays.com\/web\/app\/uploads\/2023\/11\/img_0149.png\",\"width\":174,\"height\":162,\"caption\":\"Les Plus Belles Baies du Monde\"},\"image\":{\"@id\":\"https:\/\/world-bays.com\/web\/#\/schema\/logo\/image\/\"}}]}<\/script>\n<!-- \/ Yoast SEO plugin. -->","yoast_head_json":{"title":"Charte","robots":{"index":"index","follow":"follow","max-snippet":"max-snippet:-1","max-image-preview":"max-image-preview:large","max-video-preview":"max-video-preview:-1"},"canonical":"https:\/\/world-bays.com\/web\/lassociation\/charte\/","og_locale":"fr_FR","og_type":"article","og_title":"Charte","og_url":"https:\/\/world-bays.com\/web\/lassociation\/charte\/","og_site_name":"Les Plus Belles Baies du Monde","article_modified_time":"2023-11-14T22:28:06+00:00","twitter_card":"summary_large_image","schema":{"@context":"https:\/\/schema.org","@graph":[{"@type":"WebPage","@id":"https:\/\/world-bays.com\/web\/lassociation\/charte\/","url":"https:\/\/world-bays.com\/web\/lassociation\/charte\/","name":"Charte","isPartOf":{"@id":"https:\/\/world-bays.com\/web\/#website"},"datePublished":"2023-08-28T20:49:59+00:00","dateModified":"2023-11-14T22:28:06+00:00","breadcrumb":{"@id":"https:\/\/world-bays.com\/web\/lassociation\/charte\/#breadcrumb"},"inLanguage":"fr-FR","potentialAction":[{"@type":"ReadAction","target":["https:\/\/world-bays.com\/web\/lassociation\/charte\/"]}]},{"@type":"BreadcrumbList","@id":"https:\/\/world-bays.com\/web\/lassociation\/charte\/#breadcrumb","itemListElement":[{"@type":"ListItem","position":1,"name":"Home","item":"https:\/\/world-bays.com\/web\/"},{"@type":"ListItem","position":2,"name":"L&rsquo;association","item":"https:\/\/world-bays.com\/web\/lassociation\/"},{"@type":"ListItem","position":3,"name":"Charte"}]},{"@type":"WebSite","@id":"https:\/\/world-bays.com\/web\/#website","url":"https:\/\/world-bays.com\/web\/","name":"Les Plus Belles Baies du Monde","description":"","publisher":{"@id":"https:\/\/world-bays.com\/web\/#organization"},"potentialAction":[{"@type":"SearchAction","target":{"@type":"EntryPoint","urlTemplate":"https:\/\/world-bays.com\/web\/?s={search_term_string}"},"query-input":"required name=search_term_string"}],"inLanguage":"fr-FR"},{"@type":"Organization","@id":"https:\/\/world-bays.com\/web\/#organization","name":"Les Plus Belles Baies du Monde","url":"https:\/\/world-bays.com\/web\/","logo":{"@type":"ImageObject","inLanguage":"fr-FR","@id":"https:\/\/world-bays.com\/web\/#\/schema\/logo\/image\/","url":"https:\/\/world-bays.com\/web\/app\/uploads\/2023\/11\/img_0149.png","contentUrl":"https:\/\/world-bays.com\/web\/app\/uploads\/2023\/11\/img_0149.png","width":174,"height":162,"caption":"Les Plus Belles Baies du Monde"},"image":{"@id":"https:\/\/world-bays.com\/web\/#\/schema\/logo\/image\/"}}]}},"_links":{"self":[{"href":"https:\/\/world-bays.com\/web\/wp-json\/wp\/v2\/pages\/464","targetHints":{"allow":["GET"]}}],"collection":[{"href":"https:\/\/world-bays.com\/web\/wp-json\/wp\/v2\/pages"}],"about":[{"href":"https:\/\/world-bays.com\/web\/wp-json\/wp\/v2\/types\/page"}],"author":[{"embeddable":true,"href":"https:\/\/world-bays.com\/web\/wp-json\/wp\/v2\/users\/4"}],"replies":[{"embeddable":true,"href":"https:\/\/world-bays.com\/web\/wp-json\/wp\/v2\/comments?post=464"}],"version-history":[{"count":64,"href":"https:\/\/world-bays.com\/web\/wp-json\/wp\/v2\/pages\/464\/revisions"}],"predecessor-version":[{"id":1657,"href":"https:\/\/world-bays.com\/web\/wp-json\/wp\/v2\/pages\/464\/revisions\/1657"}],"up":[{"embeddable":true,"href":"https:\/\/world-bays.com\/web\/wp-json\/wp\/v2\/pages\/11"}],"wp:attachment":[{"href":"https:\/\/world-bays.com\/web\/wp-json\/wp\/v2\/media?parent=464"}],"curies":[{"name":"wp","href":"https:\/\/api.w.org\/{rel}","templated":true}]}}