{"id":2286,"date":"2026-01-09T11:10:57","date_gmt":"2026-01-09T16:10:57","guid":{"rendered":"https:\/\/world-bays.com\/web\/?page_id=2286"},"modified":"2026-01-28T11:16:24","modified_gmt":"2026-01-28T10:16:24","slug":"mentions-legales","status":"publish","type":"page","link":"https:\/\/world-bays.com\/web\/mentions-legales\/","title":{"rendered":"Mentions l\u00e9gales"},"content":{"rendered":"\n<p><\/p>\n\n\n\n<div class=\"b-flex-content content-wave bg-white\">\n            <div class=\"wave-top\">\n            <svg viewBox=\"0 0 1440 32\"><use xlink:href=\"#wave\" \/><\/svg>\n        <\/div>\n    \n\t<div class=\"container\">\n\n                                    \n                                            <div class=\"block-content\">\n                            <div class=\"content-left\">\n                                                            <\/div>\n                            <div class=\"content-right\"><\/div>\n                            <div class=\"content-left\"><\/div>\n                            <div class=\"content-right\">\n                                <ul>\n<li><strong>1. Editeur du site<\/strong><\/li>\n<\/ul>\n<p>Le site internet accessible \u00e0 l\u2019adresse https:\/\/world-bays.com\/ est \u00e9dit\u00e9 par :<\/p>\n<p>Les Plus Belles Baies du Monde<\/p>\n<p>Rue Daniel Gilard, Parc du Golfe 56000 Vannes France<\/p>\n<p>Association loi 1901,\u00a0 num\u00e9ro SIRET : 93053884800019<\/p>\n<p>Adresse e-mail de contact : lesplusbellesbaiesdumonde@gmail.com<\/p>\n<p>Directeur de la publication : M. Omar Achy<\/p>\n<ul>\n<li><strong>2. H\u00e9bergement<\/strong><\/li>\n<\/ul>\n<p>Le site est h\u00e9berg\u00e9 par : Web Conseil<\/p>\n<p>Adresse : P.A des 2 moulins 56880 Ploeren<\/p>\n<p>T\u00e9l\u00e9phone : 0297445252<\/p>\n<ul>\n<li><strong>3. Propri\u00e9t\u00e9 intellectuelle<\/strong><\/li>\n<\/ul>\n<p>Le contenu, la structure, les textes, images, vid\u00e9os, logos et \u00e9l\u00e9ments graphiques pr\u00e9sents sur ce site sont la propri\u00e9t\u00e9 exclusive de Les Plus Belles Baies du Monde ou de leurs auteurs respectifs et sont prot\u00e9g\u00e9s par le Code de la propri\u00e9t\u00e9 intellectuelle.<\/p>\n<p>Toute reproduction, repr\u00e9sentation, diffusion, modification, adaptation, partielle ou totale, est interdite sans autorisation expresse pr\u00e9alable de l\u2019\u00e9diteur.<\/p>\n<ul>\n<li><strong>4. Donn\u00e9es personnelles<\/strong><\/li>\n<\/ul>\n<p>Les informations recueillies via les formulaires du site sont enregistr\u00e9es et trait\u00e9es conform\u00e9ment \u00e0 la r\u00e9glementation fran\u00e7aise et au RGPD (R\u00e8glement G\u00e9n\u00e9ral sur la Protection des Donn\u00e9es).<\/p>\n<p>Conform\u00e9ment \u00e0 la loi \u00ab Informatique et Libert\u00e9s \u00bb du 6 janvier 1978 modifi\u00e9e, vous disposez d\u2019un droit d\u2019acc\u00e8s, de rectification, de suppression et d\u2019opposition des donn\u00e9es personnelles vous concernant. Pour l\u2019exercer, adressez-nous un message via le formulaire de contact ou par e-mail \u00e0 l\u2019adresse fournie sur le site.<\/p>\n<ul>\n<li><strong>5. Responsabilit\u00e9<\/strong><\/li>\n<\/ul>\n<p>Les informations publi\u00e9es sur ce site sont fournies \u00e0 titre indicatif. L\u2019\u00e9diteur s\u2019efforce d\u2019assurer l\u2019exactitude et la mise \u00e0 jour des contenus, mais ne peut garantir leur exhaustivit\u00e9 ou leur absence d\u2019erreur. L\u2019\u00e9diteur ne peut \u00eatre tenu responsable des dommages directs ou indirects r\u00e9sultant de l\u2019acc\u00e8s ou de l\u2019utilisation du site.<\/p>\n<ul>\n<li><strong>6. Liens hypertextes<\/strong><\/li>\n<\/ul>\n<p>Les liens pr\u00e9sents sur ce site vers d\u2019autres ressources n\u2019engagent pas la responsabilit\u00e9 de l\u2019\u00e9diteur quant au contenu de ces sites externes.<\/p>\n<ul>\n<li><strong>7. Conditions d\u2019utilisation<\/strong><\/li>\n<\/ul>\n<p>La navigation sur ce site implique l\u2019acceptation sans r\u00e9serve des pr\u00e9sentes mentions l\u00e9gales et des conditions g\u00e9n\u00e9rales d\u2019utilisation qui peuvent \u00eatre modifi\u00e9es \u00e0 tout moment sans pr\u00e9avis.<\/p>\n<ul>\n<li><strong>8. Copyright<\/strong> \u00a9 2026<\/li>\n<\/ul>\n<p>Les Plus Belles Baies du Monde \u2013 Tous droits r\u00e9serv\u00e9s. G\u00e9r\u00e9 par Agence <a href=\"https:\/\/www.web-conseil.fr\/\" target=\"_blank\" rel=\"noopener\">WEB Conseil<\/a><\/p>\n                            <\/div>\n                        <\/div>\n                    \n                    \n                                    \n\t<\/div>\n\n    <\/div>\n","protected":false},"excerpt":{"rendered":"","protected":false},"author":4,"featured_media":0,"parent":0,"menu_order":0,"comment_status":"closed","ping_status":"closed","template":"","meta":{"_acf_changed":false,"footnotes":""},"class_list":["post-2286","page","type-page","status-publish","hentry"],"acf":[],"yoast_head":"<!-- This site is optimized with the Yoast SEO plugin v22.7 - https:\/\/yoast.com\/wordpress\/plugins\/seo\/ -->\n<title>Mentions l\u00e9gales<\/title>\n<meta name=\"robots\" content=\"index, follow, max-snippet:-1, max-image-preview:large, max-video-preview:-1\" \/>\n<link rel=\"canonical\" href=\"https:\/\/world-bays.com\/web\/mentions-legales\/\" \/>\n<meta property=\"og:locale\" content=\"fr_FR\" \/>\n<meta property=\"og:type\" content=\"article\" \/>\n<meta property=\"og:title\" content=\"Mentions l\u00e9gales\" \/>\n<meta property=\"og:url\" content=\"https:\/\/world-bays.com\/web\/mentions-legales\/\" \/>\n<meta property=\"og:site_name\" content=\"Les Plus Belles Baies du Monde\" \/>\n<meta property=\"article:modified_time\" content=\"2026-01-28T10:16:24+00:00\" \/>\n<meta name=\"twitter:card\" content=\"summary_large_image\" \/>\n<script type=\"application\/ld+json\" class=\"yoast-schema-graph\">{\"@context\":\"https:\/\/schema.org\",\"@graph\":[{\"@type\":\"WebPage\",\"@id\":\"https:\/\/world-bays.com\/web\/mentions-legales\/\",\"url\":\"https:\/\/world-bays.com\/web\/mentions-legales\/\",\"name\":\"Mentions l\u00e9gales\",\"isPartOf\":{\"@id\":\"https:\/\/world-bays.com\/web\/#website\"},\"datePublished\":\"2026-01-09T16:10:57+00:00\",\"dateModified\":\"2026-01-28T10:16:24+00:00\",\"breadcrumb\":{\"@id\":\"https:\/\/world-bays.com\/web\/mentions-legales\/#breadcrumb\"},\"inLanguage\":\"fr-FR\",\"potentialAction\":[{\"@type\":\"ReadAction\",\"target\":[\"https:\/\/world-bays.com\/web\/mentions-legales\/\"]}]},{\"@type\":\"BreadcrumbList\",\"@id\":\"https:\/\/world-bays.com\/web\/mentions-legales\/#breadcrumb\",\"itemListElement\":[{\"@type\":\"ListItem\",\"position\":1,\"name\":\"Home\",\"item\":\"https:\/\/world-bays.com\/web\/\"},{\"@type\":\"ListItem\",\"position\":2,\"name\":\"Mentions l\u00e9gales\"}]},{\"@type\":\"WebSite\",\"@id\":\"https:\/\/world-bays.com\/web\/#website\",\"url\":\"https:\/\/world-bays.com\/web\/\",\"name\":\"Les Plus Belles Baies du Monde\",\"description\":\"\",\"publisher\":{\"@id\":\"https:\/\/world-bays.com\/web\/#organization\"},\"potentialAction\":[{\"@type\":\"SearchAction\",\"target\":{\"@type\":\"EntryPoint\",\"urlTemplate\":\"https:\/\/world-bays.com\/web\/?s={search_term_string}\"},\"query-input\":\"required name=search_term_string\"}],\"inLanguage\":\"fr-FR\"},{\"@type\":\"Organization\",\"@id\":\"https:\/\/world-bays.com\/web\/#organization\",\"name\":\"Les Plus Belles Baies du Monde\",\"url\":\"https:\/\/world-bays.com\/web\/\",\"logo\":{\"@type\":\"ImageObject\",\"inLanguage\":\"fr-FR\",\"@id\":\"https:\/\/world-bays.com\/web\/#\/schema\/logo\/image\/\",\"url\":\"https:\/\/world-bays.com\/web\/app\/uploads\/2023\/11\/img_0149.png\",\"contentUrl\":\"https:\/\/world-bays.com\/web\/app\/uploads\/2023\/11\/img_0149.png\",\"width\":174,\"height\":162,\"caption\":\"Les Plus Belles Baies du Monde\"},\"image\":{\"@id\":\"https:\/\/world-bays.com\/web\/#\/schema\/logo\/image\/\"}}]}<\/script>\n<!-- \/ Yoast SEO plugin. -->","yoast_head_json":{"title":"Mentions l\u00e9gales","robots":{"index":"index","follow":"follow","max-snippet":"max-snippet:-1","max-image-preview":"max-image-preview:large","max-video-preview":"max-video-preview:-1"},"canonical":"https:\/\/world-bays.com\/web\/mentions-legales\/","og_locale":"fr_FR","og_type":"article","og_title":"Mentions l\u00e9gales","og_url":"https:\/\/world-bays.com\/web\/mentions-legales\/","og_site_name":"Les Plus Belles Baies du Monde","article_modified_time":"2026-01-28T10:16:24+00:00","twitter_card":"summary_large_image","schema":{"@context":"https:\/\/schema.org","@graph":[{"@type":"WebPage","@id":"https:\/\/world-bays.com\/web\/mentions-legales\/","url":"https:\/\/world-bays.com\/web\/mentions-legales\/","name":"Mentions l\u00e9gales","isPartOf":{"@id":"https:\/\/world-bays.com\/web\/#website"},"datePublished":"2026-01-09T16:10:57+00:00","dateModified":"2026-01-28T10:16:24+00:00","breadcrumb":{"@id":"https:\/\/world-bays.com\/web\/mentions-legales\/#breadcrumb"},"inLanguage":"fr-FR","potentialAction":[{"@type":"ReadAction","target":["https:\/\/world-bays.com\/web\/mentions-legales\/"]}]},{"@type":"BreadcrumbList","@id":"https:\/\/world-bays.com\/web\/mentions-legales\/#breadcrumb","itemListElement":[{"@type":"ListItem","position":1,"name":"Home","item":"https:\/\/world-bays.com\/web\/"},{"@type":"ListItem","position":2,"name":"Mentions l\u00e9gales"}]},{"@type":"WebSite","@id":"https:\/\/world-bays.com\/web\/#website","url":"https:\/\/world-bays.com\/web\/","name":"Les Plus Belles Baies du Monde","description":"","publisher":{"@id":"https:\/\/world-bays.com\/web\/#organization"},"potentialAction":[{"@type":"SearchAction","target":{"@type":"EntryPoint","urlTemplate":"https:\/\/world-bays.com\/web\/?s={search_term_string}"},"query-input":"required name=search_term_string"}],"inLanguage":"fr-FR"},{"@type":"Organization","@id":"https:\/\/world-bays.com\/web\/#organization","name":"Les Plus Belles Baies du Monde","url":"https:\/\/world-bays.com\/web\/","logo":{"@type":"ImageObject","inLanguage":"fr-FR","@id":"https:\/\/world-bays.com\/web\/#\/schema\/logo\/image\/","url":"https:\/\/world-bays.com\/web\/app\/uploads\/2023\/11\/img_0149.png","contentUrl":"https:\/\/world-bays.com\/web\/app\/uploads\/2023\/11\/img_0149.png","width":174,"height":162,"caption":"Les Plus Belles Baies du Monde"},"image":{"@id":"https:\/\/world-bays.com\/web\/#\/schema\/logo\/image\/"}}]}},"_links":{"self":[{"href":"https:\/\/world-bays.com\/web\/wp-json\/wp\/v2\/pages\/2286","targetHints":{"allow":["GET"]}}],"collection":[{"href":"https:\/\/world-bays.com\/web\/wp-json\/wp\/v2\/pages"}],"about":[{"href":"https:\/\/world-bays.com\/web\/wp-json\/wp\/v2\/types\/page"}],"author":[{"embeddable":true,"href":"https:\/\/world-bays.com\/web\/wp-json\/wp\/v2\/users\/4"}],"replies":[{"embeddable":true,"href":"https:\/\/world-bays.com\/web\/wp-json\/wp\/v2\/comments?post=2286"}],"version-history":[{"count":17,"href":"https:\/\/world-bays.com\/web\/wp-json\/wp\/v2\/pages\/2286\/revisions"}],"predecessor-version":[{"id":2340,"href":"https:\/\/world-bays.com\/web\/wp-json\/wp\/v2\/pages\/2286\/revisions\/2340"}],"wp:attachment":[{"href":"https:\/\/world-bays.com\/web\/wp-json\/wp\/v2\/media?parent=2286"}],"curies":[{"name":"wp","href":"https:\/\/api.w.org\/{rel}","templated":true}]}}